{"id":343,"date":"2023-04-30T12:56:39","date_gmt":"2023-04-30T12:56:39","guid":{"rendered":"http:\/\/www.dentbircanturkey.com\/?page_id=343"},"modified":"2023-05-19T11:42:16","modified_gmt":"2023-05-19T11:42:16","slug":"izmiri-kesfet","status":"publish","type":"page","link":"https:\/\/www.dentbircanturkey.com\/?page_id=343","title":{"rendered":"\u0130zmiri Ke\u015ffet"},"content":{"rendered":"  <div id=\"page-header-1420612157\" class=\"page-header-wrapper\">\n  <div class=\"page-title dark featured-title\">\n\n    \n    <div class=\"page-title-inner container align-center flex-row medium-flex-wrap\" >\n              <div class=\"title-wrapper flex-col text-left medium-text-center\">\n          <h1 class=\"entry-title mb-0\">\n            \u0130zmiri Ke\u015ffet          <\/h1>\n        <\/div>\n                    <div class=\"title-content flex-col flex-right text-right medium-text-center\">\n              <\/div>\n    <\/div>\n\n       <\/div>\n    <\/div>\n  \n\t<section class=\"section\" id=\"section_1902677715\">\n\t\t<div class=\"bg section-bg fill bg-fill  bg-loaded\" >\n\n\t\t\t\n\t\t\t\n\t\t\t\n\n\t\t<\/div>\n\n\t\t\n\n\t\t<div class=\"section-content relative\">\n\t\t\t\n<div class=\"row row-small\"  id=\"row-90534287\">\n\n\t<div id=\"col-2120974783\" class=\"col medium-6 small-12 large-6\"  >\n\t\t\t\t<div class=\"col-inner box-shadow-2\" style=\"background-color:rgba(0,13,112,0.965);\" >\n\t\t\t\n\t\t\t\n\n  <div class=\"banner has-hover\" id=\"banner-464914721\">\n          <div class=\"banner-inner fill\">\n        <div class=\"banner-bg fill\" >\n            <div class=\"bg fill bg-fill \"><\/div>\n                                    \n                    <\/div>\n\t\t\n        <div class=\"banner-layers container\">\n            <div class=\"fill banner-link\"><\/div>            \n        <\/div>\n      <\/div>\n\n            \n<style>\n#banner-464914721 {\n  padding-top: 200px;\n}\n#banner-464914721 .bg.bg-loaded {\n  background-image: url(https:\/\/www.dentbircanturkey.com\/wp-content\/uploads\/2023\/05\/istockphoto-485947800-612x612-1.jpg);\n}\n#banner-464914721 .ux-shape-divider--top svg {\n  height: 150px;\n  --divider-top-width: 100%;\n}\n#banner-464914721 .ux-shape-divider--bottom svg {\n  height: 150px;\n  --divider-width: 100%;\n}\n@media (min-width:550px) {\n  #banner-464914721 {\n    padding-top: 420px;\n  }\n}\n<\/style>\n  <\/div>\n\n\n\t\t<\/div>\n\t\t\t\t\n<style>\n#col-2120974783 > .col-inner {\n  padding: 3px 3px 3px 3px;\n}\n<\/style>\n\t<\/div>\n\n\t\n\n\t<div id=\"col-1190076100\" class=\"col medium-6 small-12 large-6\"  >\n\t\t\t\t<div class=\"col-inner\"  >\n\t\t\t\n\t\t\t\n<p><span style=\"font-size: 120%; color: #004da6;\"><strong>\u0130zmir&#8217;in do\u011fal g\u00fczellikleri ve tarihi zenginliklerini ke\u015ffedin&#8230;<\/strong><\/span><\/p>\n<p>\u0130zmir, T\u00fcrkiye&#8217;nin bat\u0131s\u0131nda bulunan bir sahil \u015fehridir ve T\u00fcrkiye&#8217;nin en pop\u00fcler tatil yerlerinden biridir. \u0130zmir, do\u011fal g\u00fczellikleri, zengin tarihi ve k\u00fclt\u00fcrel miras\u0131 ile \u00fcnl\u00fcd\u00fcr. \u00d6zellikle yaz aylar\u0131nda, turistlerin ak\u0131n\u0131na u\u011frayan \u0130zmir, m\u00fckemmel plajlar\u0131, s\u0131cak atmosferi ve e\u015fsiz manzaralar\u0131 ile kendine hayran b\u0131rak\u0131yor.<\/p>\n<p>\u0130zmir, Ege Denizi&#8217;nin k\u0131y\u0131s\u0131nda yer al\u0131r ve 300 kilometrelik bir sahil \u015feridine sahiptir. Kumsallar\u0131 beyaz ve denizi turkuaz mavisidir. Plajlar\u0131n\u0131n baz\u0131lar\u0131 \u015fehir merkezine yak\u0131nken, baz\u0131lar\u0131 ise daha sakin ve do\u011fal ortamlarda bulunuyor. \u00dcnl\u00fc tatil beldeleri olan \u00c7e\u015fme, Ala\u00e7at\u0131 ve Urla gibi yerlerde m\u00fckemmel oteller ve restoranlar bulabilirsiniz.<\/p>\n<p>\u0130zmir&#8217;in tarihi ve k\u00fclt\u00fcrel zenginli\u011fi de g\u00f6r\u00fclmeye de\u011ferdir. Agora Antik Kenti, Kadifekale, Konak Meydan\u0131, Kemeralt\u0131 \u00c7ar\u015f\u0131s\u0131 ve Saat Kulesi gibi bir\u00e7ok tarihi yap\u0131ya sahiptir. Ayr\u0131ca, \u0130zmir&#8217;de bulunan Bergama Antik Kenti, UNESCO D\u00fcnya Miras\u0131 Listesi&#8217;nde yer almaktad\u0131r.<\/p>\n\t\t<\/div>\n\t\t\t\t\t<\/div>\n\n\t\n\n\t<div id=\"col-1232598795\" class=\"col small-12 large-12\"  >\n\t\t\t\t<div class=\"col-inner\"  >\n\t\t\t\n\t\t\t\n<p>\u0130zmir&#8217;in do\u011fal g\u00fczellikleri, tatilcilerin g\u00f6zdesi olan turistik yerler aras\u0131nda yer al\u0131yor. Efes Antik Kenti yak\u0131nlar\u0131ndaki Meryemana Evi, muhte\u015fem deniz manzaras\u0131 ve b\u00fcy\u00fcleyici atmosferiyle \u00fcnl\u00fcd\u00fcr. Ku\u015fadas\u0131&#8217;ndaki Dilek Yar\u0131madas\u0131 Milli Park\u0131, harika y\u00fcr\u00fcy\u00fc\u015f ve do\u011fa y\u00fcr\u00fcy\u00fc\u015fleri i\u00e7in m\u00fckemmel bir yerdir. Bafa G\u00f6l\u00fc ise, do\u011fal g\u00fczelli\u011fi, tarihi kal\u0131nt\u0131lar\u0131 ve muhte\u015fem manzaralar\u0131 ile ke\u015ffedilmeyi bekleyen bir yerdir.<\/p>\n<div class=\"is-divider divider clearfix\" style=\"max-width:100%;height:1px;background-color:rgb(0, 77, 166);\"><\/div>\n\t\t<\/div>\n\t\t\t\t\t<\/div>\n\n\t\n\n\t<div id=\"col-1950061725\" class=\"col medium-6 small-12 large-6\"  >\n\t\t\t\t<div class=\"col-inner box-shadow-2\" style=\"background-color:rgba(0,13,112,0.965);\" >\n\t\t\t\n\t\t\t\n\n  <div class=\"banner has-hover\" id=\"banner-58645581\">\n          <div class=\"banner-inner fill\">\n        <div class=\"banner-bg fill\" >\n            <div class=\"bg fill bg-fill \"><\/div>\n                                    \n                    <\/div>\n\t\t\n        <div class=\"banner-layers container\">\n            <div class=\"fill banner-link\"><\/div>            \n        <\/div>\n      <\/div>\n\n            \n<style>\n#banner-58645581 {\n  padding-top: 200px;\n}\n#banner-58645581 .bg.bg-loaded {\n  background-image: url(https:\/\/www.dentbircanturkey.com\/wp-content\/uploads\/2023\/05\/cesme_ic3.jpg);\n}\n#banner-58645581 .ux-shape-divider--top svg {\n  height: 150px;\n  --divider-top-width: 100%;\n}\n#banner-58645581 .ux-shape-divider--bottom svg {\n  height: 150px;\n  --divider-width: 100%;\n}\n@media (min-width:550px) {\n  #banner-58645581 {\n    padding-top: 410px;\n  }\n}\n<\/style>\n  <\/div>\n\n\n\t\t<\/div>\n\t\t\t\t\n<style>\n#col-1950061725 > .col-inner {\n  padding: 3px 3px 3px 3px;\n}\n<\/style>\n\t<\/div>\n\n\t\n\n\t<div id=\"col-330881162\" class=\"col medium-6 small-12 large-6\"  >\n\t\t\t\t<div class=\"col-inner\"  >\n\t\t\t\n\t\t\t\n<p><span style=\"color: #004da6;\"><strong><span style=\"font-size: 120%;\">Turistlerin g\u00f6zde \u015fehri&#8230;<\/span><\/strong><\/span><\/p>\n<p>Tatilciler, g\u00fcne\u015flenmek, y\u00fczmek ve su sporlar\u0131 yapmak i\u00e7in plajlar\u0131 tercih ederken, ilkbahar ve sonbahar aylar\u0131nda do\u011fal g\u00fczellikleri ke\u015ffetmek i\u00e7in m\u00fckemmel bir d\u00f6nemdir. K\u0131\u015f aylar\u0131nda ise, \u0130zmir&#8217;in tarihi ve k\u00fclt\u00fcrel zenginliklerini ke\u015ffetmek i\u00e7in m\u00fckemmel bir d\u00f6nemdir.<\/p>\n<p>Do\u011fal g\u00fczellikleri, tatilcilerin g\u00f6zdesi olan turistik yerler aras\u0131nda yer al\u0131yor. Efes Antik Kenti yak\u0131nlar\u0131ndaki Meryemana Evi, muhte\u015fem deniz manzaras\u0131 ve b\u00fcy\u00fcleyici atmosferiyle \u00fcnl\u00fcd\u00fcr. Ku\u015fadas\u0131&#8217;ndaki Dilek Yar\u0131madas\u0131 Milli Park\u0131, harika y\u00fcr\u00fcy\u00fc\u015f ve do\u011fa y\u00fcr\u00fcy\u00fc\u015fleri i\u00e7in m\u00fckemmel bir yerdir. Bafa G\u00f6l\u00fc ise, do\u011fal g\u00fczelli\u011fi, tarihi kal\u0131nt\u0131lar\u0131 ve muhte\u015fem manzaralar\u0131 ile ke\u015ffedilmeyi bekleyen bir yerdir.<\/p>\n<p>Yaz aylar\u0131, g\u00fcne\u015flenmek, y\u00fczmek ve su sporlar\u0131 yapmak i\u00e7in plajlar\u0131 tercih ederken, k\u0131\u015f aylar\u0131nda ise, \u0130zmir&#8217;in tarihi ve k\u00fclt\u00fcrel zenginliklerini ke\u015ffetmek i\u00e7in m\u00fckemmel bir d\u00f6nemdir.<\/p>\n\t\t<\/div>\n\t\t\t\t\t<\/div>\n\n\t\n\n\t<div id=\"col-1303421242\" class=\"col small-12 large-12\"  >\n\t\t\t\t<div class=\"col-inner\"  >\n\t\t\t\n\t\t\t\n<p>Tatilcilerin \u0130zmir&#8217;deki en sevdikleri aktiviteler aras\u0131nda, deniz, kum ve g\u00fcne\u015fin tad\u0131n\u0131 \u00e7\u0131karmak, tarihi yerleri ziyaret etmek, do\u011fa y\u00fcr\u00fcy\u00fc\u015fleri yapmak, lezzetli yemekler yemek ve al\u0131\u015fveri\u015f yapmak yer al\u0131r. \u0130zmir&#8217;de deniz \u00fcr\u00fcnleri, zeytinya\u011fl\u0131 yemekler, y\u00f6resel tatlar ve me\u015fhur &#8220;boyoz&#8221; gibi lezzetli yemekler sunulmaktad\u0131r.<\/p>\n<div class=\"is-divider divider clearfix\" style=\"max-width:100%;height:1px;background-color:rgb(0, 77, 166);\"><\/div>\n\t\t<\/div>\n\t\t\t\t\t<\/div>\n\n\t\n\n\t<div id=\"col-1105819474\" class=\"col medium-6 small-12 large-6\"  >\n\t\t\t\t<div class=\"col-inner box-shadow-2\" style=\"background-color:rgba(0,13,112,0.965);\" >\n\t\t\t\n\t\t\t\n\n  <div class=\"banner has-hover\" id=\"banner-1008682629\">\n          <div class=\"banner-inner fill\">\n        <div class=\"banner-bg fill\" >\n            <div class=\"bg fill bg-fill \"><\/div>\n                                    \n                    <\/div>\n\t\t\n        <div class=\"banner-layers container\">\n            <div class=\"fill banner-link\"><\/div>            \n        <\/div>\n      <\/div>\n\n            \n<style>\n#banner-1008682629 {\n  padding-top: 200px;\n}\n#banner-1008682629 .bg.bg-loaded {\n  background-image: url(https:\/\/www.dentbircanturkey.com\/wp-content\/uploads\/2023\/05\/the-beach-of-momo.location.14544.ngo2n8.jpg);\n}\n#banner-1008682629 .ux-shape-divider--top svg {\n  height: 150px;\n  --divider-top-width: 100%;\n}\n#banner-1008682629 .ux-shape-divider--bottom svg {\n  height: 150px;\n  --divider-width: 100%;\n}\n@media (min-width:550px) {\n  #banner-1008682629 {\n    padding-top: 410px;\n  }\n}\n<\/style>\n  <\/div>\n\n\n\t\t<\/div>\n\t\t\t\t\n<style>\n#col-1105819474 > .col-inner {\n  padding: 3px 3px 3px 3px;\n}\n<\/style>\n\t<\/div>\n\n\t\n\n\t<div id=\"col-1958562399\" class=\"col medium-6 small-12 large-6\"  >\n\t\t\t\t<div class=\"col-inner\"  >\n\t\t\t\n\t\t\t\n<p><strong><span style=\"font-size: 120%; color: #004da6;\">Harika bir deneyim i\u00e7in&#8230;<\/span><\/strong><\/p>\n<p>\u0130zmir, T\u00fcrkiye&#8217;nin en geli\u015fmi\u015f \u015fehirlerinden biridir ve modern bir \u015fehir merkezine sahiptir. Konak Meydan\u0131&#8217;ndaki Saat Kulesi, \u0130zmir&#8217;in sembol\u00fc haline gelmi\u015ftir. Kemeralt\u0131 \u00c7ar\u015f\u0131s\u0131, tarihi dokusunu koruyarak modern ma\u011fazalarla birle\u015ftirilmi\u015ftir. Alsancak semti ise, hareketli gece hayat\u0131, restoranlar\u0131 ve barlar\u0131 ile \u00fcnl\u00fcd\u00fcr.<\/p>\n<p>\u0130zmir&#8217;in di\u011fer avantajlar\u0131ndan biri de ula\u015f\u0131m olanaklar\u0131d\u0131r. Uluslararas\u0131 bir havaalan\u0131na sahip olan \u0130zmir, T\u00fcrkiye&#8217;nin bir\u00e7ok \u015fehrinden otob\u00fcs, tren veya u\u00e7akla kolayca ula\u015f\u0131labilir.<\/p>\n<p>Sonu\u00e7 olarak, \u0130zmir, T\u00fcrkiye&#8217;nin en pop\u00fcler tatil yerlerinden biridir ve do\u011fal g\u00fczellikleri, tarihi ve k\u00fclt\u00fcrel miras\u0131 ile tatilcilerin ilgisini \u00e7eker. Plajlar\u0131, lezzetli yemekleri, modern \u015fehir merkezi ve hareketli gece hayat\u0131, \u0130zmir&#8217;i ke\u015ffetmek i\u00e7in bir\u00e7ok neden sunuyor. \u0130zmir&#8217;i ziyaret etmek, unutulmaz bir tatil deneyimi ya\u015famak i\u00e7in harika bir f\u0131rsatt\u0131r.<\/p>\n\t\t<\/div>\n\t\t\t\t\t<\/div>\n\n\t\n<\/div>\n\t\t<\/div>\n\n\t\t\n<style>\n#section_1902677715 {\n  padding-top: 30px;\n  padding-bottom: 30px;\n}\n#section_1902677715 .ux-shape-divider--top svg {\n  height: 150px;\n  --divider-top-width: 100%;\n}\n#section_1902677715 .ux-shape-divider--bottom svg {\n  height: 150px;\n  --divider-width: 100%;\n}\n<\/style>\n\t<\/section>\n\t\n\t<section class=\"section dark\" id=\"section_777472015\">\n\t\t<div class=\"bg section-bg fill bg-fill  bg-loaded\" >\n\n\t\t\t\n\t\t\t\n\t\t\t\n\n\t\t<\/div>\n\n\t\t\n\n\t\t<div class=\"section-content relative\">\n\t\t\t\n<div class=\"is-divider divider clearfix\" style=\"max-width:100%;background-color:rgb(26, 56, 113);\"><\/div>\n\t<div id=\"gap-867854651\" class=\"gap-element clearfix hide-for-medium\" style=\"display:block; height:auto;\">\n\t\t\n<style>\n#gap-867854651 {\n  padding-top: 30px;\n}\n<\/style>\n\t<\/div>\n\t\n\t<div id=\"gap-235131273\" class=\"gap-element clearfix\" style=\"display:block; height:auto;\">\n\t\t\n<style>\n#gap-235131273 {\n  padding-top: 30px;\n}\n<\/style>\n\t<\/div>\n\t\n<div class=\"row\"  id=\"row-1661799487\">\n\n\t<div id=\"col-180869625\" class=\"col medium-12 small-12 large-4\"  >\n\t\t\t\t<div class=\"col-inner text-center\"  >\n\t\t\t\n\t\t\t\n<div class=\"row row-small\"  id=\"row-1571217494\">\n\n\t<div id=\"col-815417663\" class=\"col medium-6 small-6 large-6\"  data-animate=\"flipInY\">\n\t\t\t\t<div class=\"col-inner text-right\"  >\n\t\t\t\n\t\t\t\n\t<div class=\"img has-hover x md-x lg-x y md-y lg-y\" id=\"image_609785125\">\n\t\t\t\t\t\t\t\t<div class=\"img-inner dark\" >\n\t\t\t<img loading=\"lazy\" decoding=\"async\" width=\"900\" height=\"900\" src=\"https:\/\/www.dentbircanturkey.com\/wp-content\/uploads\/2023\/04\/20200316220122Saglikbakanligi_logo.png\" class=\"attachment-large size-large\" alt=\"\" srcset=\"https:\/\/www.dentbircanturkey.com\/wp-content\/uploads\/2023\/04\/20200316220122Saglikbakanligi_logo.png 900w, https:\/\/www.dentbircanturkey.com\/wp-content\/uploads\/2023\/04\/20200316220122Saglikbakanligi_logo-300x300.png 300w, https:\/\/www.dentbircanturkey.com\/wp-content\/uploads\/2023\/04\/20200316220122Saglikbakanligi_logo-150x150.png 150w, https:\/\/www.dentbircanturkey.com\/wp-content\/uploads\/2023\/04\/20200316220122Saglikbakanligi_logo-768x768.png 768w\" sizes=\"auto, (max-width: 900px) 100vw, 900px\" \/>\t\t\t\t\t\t\n\t\t\t\t\t<\/div>\n\t\t\t\t\t\t\t\t\n<style>\n#image_609785125 {\n  width: 60%;\n}\n@media (min-width:550px) {\n  #image_609785125 {\n    width: 50%;\n  }\n}\n<\/style>\n\t<\/div>\n\t\n\t\t<\/div>\n\t\t\t\t\t<\/div>\n\n\t\n\n\t<div id=\"col-1798612302\" class=\"col medium-6 small-6 large-6\"  data-animate=\"flipInY\">\n\t\t\t\t<div class=\"col-inner\"  >\n\t\t\t\n\t\t\t\n\t<div class=\"img has-hover x md-x lg-x y md-y lg-y\" id=\"image_2117983280\">\n\t\t\t\t\t\t\t\t<div class=\"img-inner dark\" >\n\t\t\t<img loading=\"lazy\" decoding=\"async\" width=\"371\" height=\"380\" src=\"https:\/\/www.dentbircanturkey.com\/wp-content\/uploads\/2023\/04\/Screenshot_4-removebg-preview.png\" class=\"attachment-large size-large\" alt=\"\" srcset=\"https:\/\/www.dentbircanturkey.com\/wp-content\/uploads\/2023\/04\/Screenshot_4-removebg-preview.png 371w, https:\/\/www.dentbircanturkey.com\/wp-content\/uploads\/2023\/04\/Screenshot_4-removebg-preview-293x300.png 293w\" sizes=\"auto, (max-width: 371px) 100vw, 371px\" \/>\t\t\t\t\t\t\n\t\t\t\t\t<\/div>\n\t\t\t\t\t\t\t\t\n<style>\n#image_2117983280 {\n  width: 60%;\n}\n@media (min-width:550px) {\n  #image_2117983280 {\n    width: 52%;\n  }\n}\n<\/style>\n\t<\/div>\n\t\n\t\t<\/div>\n\t\t\t\t\t<\/div>\n\n\t\n<\/div>\n\t<div id=\"gap-1913782012\" class=\"gap-element clearfix\" style=\"display:block; height:auto;\">\n\t\t\n<style>\n#gap-1913782012 {\n  padding-top: 10px;\n}\n<\/style>\n\t<\/div>\n\t\n\t<div id=\"text-203498258\" class=\"text\">\n\t\t\n<p>Narl\u0131, Mithatpa\u015fa Cd. No: 224\/A, 35320 Narl\u0131dere\/\u0130zmir<\/p>\n\t\t\n<style>\n#text-203498258 {\n  text-align: center;\n  color: rgb(0,0,0);\n}\n#text-203498258 > * {\n  color: rgb(0,0,0);\n}\n<\/style>\n\t<\/div>\n\t\n<a href=\"tel:+90%20552%20883%2055%2066\" target=\"_self\" class=\"button primary is-outline is-small\"  >\n  <i class=\"icon-phone\" aria-hidden=\"true\" ><\/i>  <span>Hemen Ara<\/span>\n  <\/a>\n\n<a href=\"mailto:info@dentbircanturkey.com\" target=\"_self\" class=\"button primary is-outline is-small\"  >\n  <i class=\"icon-envelop\" aria-hidden=\"true\" ><\/i>  <span>E-posta G\u00f6nder<\/span>\n  <\/a>\n\n\t\t<\/div>\n\t\t\t\t\t<\/div>\n\n\t\n\n\t<div id=\"col-641471695\" class=\"col medium-12 small-12 large-8\"  >\n\t\t\t\t<div class=\"col-inner\"  >\n\t\t\t\n\t\t\t\n<div class=\"row row-small\"  id=\"row-1986349292\">\n\n\t<div id=\"col-322027640\" class=\"col medium-4 small-12 large-4\"  >\n\t\t\t\t<div class=\"col-inner\"  >\n\t\t\t\n\t\t\t\n\t<div id=\"text-4159893204\" class=\"text\">\n\t\t\n<h4>Hizmetler<\/h4>\n<ul>\n<li class=\"bullet-arrow\"><span style=\"font-size: 90%;\"><a href=\"https:\/\/www.dentbircanturkey.com\/hizmetler\/#bleaching\">Bleaching<\/a><\/span><\/li>\n<li class=\"bullet-arrow\"><span style=\"font-size: 90%;\"><a href=\"https:\/\/www.dentbircanturkey.com\/hizmetler\/#implant\">Implant<\/a><\/span><\/li>\n<li class=\"bullet-arrow\"><span style=\"font-size: 90%;\"><a href=\"https:\/\/www.dentbircanturkey.com\/hizmetler\/#endodonti\">Endodonti<\/a><\/span><\/li>\n<li class=\"bullet-arrow\"><span style=\"font-size: 90%;\"><a href=\"https:\/\/www.dentbircanturkey.com\/hizmetler\/#zirkonyum\">Zirkonyum Kaplama<\/a><\/span><\/li>\n<li class=\"bullet-arrow\"><span style=\"font-size: 90%;\"><a href=\"https:\/\/www.dentbircanturkey.com\/hizmetler\/#dijital\">Dijital Di\u015f Hekimli\u011fi<\/a><\/span><\/li>\n<li class=\"bullet-arrow\"><span style=\"font-size: 90%;\"><a href=\"https:\/\/www.dentbircanturkey.com\/hizmetler\/#ortodonti\">Ortodonti<\/a><\/span><\/li>\n<li class=\"bullet-arrow\"><span style=\"font-size: 90%;\"><a href=\"https:\/\/www.dentbircanturkey.com\/hizmetler\/#\u00e7ene\">\u00c7ene Cerrahisi<\/a><\/span><\/li>\n<li class=\"bullet-arrow\"><span style=\"font-size: 90%;\"><a href=\"https:\/\/www.dentbircanturkey.com\/hizmetler\/#g\u00fcl\u00fc\u015f\">G\u00fcl\u00fc\u015f Tasar\u0131m\u0131<\/a><\/span><\/li>\n<\/ul>\n\t\t\n<style>\n#text-4159893204 {\n  color: rgb(0,0,0);\n}\n#text-4159893204 > * {\n  color: rgb(0,0,0);\n}\n<\/style>\n\t<\/div>\n\t\n\t\t<\/div>\n\t\t\t\t\t<\/div>\n\n\t\n\n\t<div id=\"col-1785598433\" class=\"col medium-4 small-12 large-4\"  >\n\t\t\t\t<div class=\"col-inner\"  >\n\t\t\t\n\t\t\t\n\t<div id=\"text-3491337509\" class=\"text\">\n\t\t\n<h4>H\u0131zl\u0131 Men\u00fc<\/h4>\n<ul>\n<li class=\"bullet-arrow\"><span style=\"font-size: 90%;\"><a href=\"https:\/\/www.dentbircanturkey.com\/\">Anasayfa<\/a><\/span><\/li>\n<li class=\"bullet-arrow\"><span style=\"font-size: 90%;\"><a href=\"https:\/\/www.dentbircanturkey.com\/doktorlarimiz\/\">Doktorlar\u0131m\u0131z<\/a><\/span><\/li>\n<li class=\"bullet-arrow\"><span style=\"font-size: 90%;\"><a href=\"https:\/\/www.dentbircanturkey.com\/hizmetler\/\">T\u00fcm Hizmetler<\/a><\/span><\/li>\n<li class=\"bullet-arrow\"><span style=\"font-size: 90%;\"><a href=\"https:\/\/www.dentbircanturkey.com\/izmiri-kesfet\/\">\u0130zmir&#8217;i Ke\u015ffet<\/a><\/span><\/li>\n<li class=\"bullet-arrow\"><span style=\"font-size: 90%;\"><a href=\"https:\/\/www.dentbircanturkey.com\/rontgen-gonder\/\">R\u00f6ntgen G\u00f6nder<\/a><\/span><\/li>\n<li class=\"bullet-arrow\"><span style=\"font-size: 90%;\"><a href=\"https:\/\/www.dentbircanturkey.com\/iletisim\/\">\u0130leti\u015fim<\/a><\/span><\/li>\n<\/ul>\n\t\t\n<style>\n#text-3491337509 {\n  color: rgb(0,0,0);\n}\n#text-3491337509 > * {\n  color: rgb(0,0,0);\n}\n<\/style>\n\t<\/div>\n\t\n\t\t<\/div>\n\t\t\t\t\t<\/div>\n\n\t\n\n\t<div id=\"col-1916291712\" class=\"col medium-4 small-12 large-4\"  >\n\t\t\t\t<div class=\"col-inner\"  >\n\t\t\t\n\t\t\t\n\t<div id=\"text-946235994\" class=\"text\">\n\t\t\n<h4>Yasal Sayfalar<\/h4>\n<ul>\n<li class=\"bullet-arrow\"><span style=\"font-size: 90%;\"><a href=\"https:\/\/www.dentbircanturkey.com\/aydinlatma-metni\/\">Ayd\u0131nlatma Metni<\/a><\/span><\/li>\n<li class=\"bullet-arrow\"><span style=\"font-size: 90%;\"><a href=\"https:\/\/www.dentbircanturkey.com\/kisisel-veri-isleme-ve-koruma\/\">Ki\u015fisel Veri \u0130\u015fleme ve Koruma<\/a><\/span><\/li>\n<li class=\"bullet-arrow\"><span style=\"font-size: 90%;\"><a href=\"https:\/\/www.dentbircanturkey.com\/kisisel-veri-saklama-ve-imha\/\">Ki\u015fisel Veri Saklama ve \u0130mha<\/a><\/span><\/li>\n<li class=\"bullet-arrow\"><span style=\"font-size: 90%;\"><a href=\"https:\/\/www.dentbircanturkey.com\/gizlilik-ve-cerez-politikasi\/\">Gizlilik ve \u00c7erez Politikas\u0131<\/a><\/span><\/li>\n<li class=\"bullet-arrow\"><span style=\"font-size: 90%;\"><a href=\"https:\/\/www.dentbircanturkey.com\/basvuru-formu\/\">Ba\u015fvuru Formu<\/a><\/span><\/li>\n<\/ul>\n\t\t\n<style>\n#text-946235994 {\n  color: rgb(0,0,0);\n}\n#text-946235994 > * {\n  color: rgb(0,0,0);\n}\n<\/style>\n\t<\/div>\n\t\n\t\t<\/div>\n\t\t\t\t\t<\/div>\n\n\t\n<\/div>\n\t\t<\/div>\n\t\t\t\t\t<\/div>\n\n\t\n<\/div>\n<div class=\"row\"  id=\"row-1797593025\">\n\n\t<div id=\"col-660473371\" class=\"col small-12 large-12\"  >\n\t\t\t\t<div class=\"col-inner\"  >\n\t\t\t\n\t\t\t\n<p style=\"text-align: center;\"><span style=\"font-size: 75%; color: #000000;\">T\u00fcm Haklar\u0131 Sakl\u0131d\u0131r. | <a href=\"https:\/\/www.webreta.com.tr\/\"><img loading=\"lazy\" decoding=\"async\" class=\"alignnone  wp-image-358\" src=\"https:\/\/www.dentbircanturkey.com\/wp-content\/uploads\/2023\/04\/Calisma-Yuzeyi-1-kopya-19-300x199.png\" alt=\"\" width=\"76\" height=\"50\" srcset=\"https:\/\/www.dentbircanturkey.com\/wp-content\/uploads\/2023\/04\/Calisma-Yuzeyi-1-kopya-19-300x199.png 300w, https:\/\/www.dentbircanturkey.com\/wp-content\/uploads\/2023\/04\/Calisma-Yuzeyi-1-kopya-19.png 364w\" sizes=\"auto, (max-width: 76px) 100vw, 76px\" \/><\/a>&#8211; <a href=\"https:\/\/www.team35medyaajansi.com\/\"><img loading=\"lazy\" decoding=\"async\" class=\"alignnone  wp-image-357\" src=\"https:\/\/www.dentbircanturkey.com\/wp-content\/uploads\/2023\/04\/YaziLogo-300x72.png\" alt=\"\" width=\"59\" height=\"14\" srcset=\"https:\/\/www.dentbircanturkey.com\/wp-content\/uploads\/2023\/04\/YaziLogo-300x72.png 300w, https:\/\/www.dentbircanturkey.com\/wp-content\/uploads\/2023\/04\/YaziLogo.png 720w\" sizes=\"auto, (max-width: 59px) 100vw, 59px\" \/><\/a><br \/><\/span><\/p>\n\t\t<\/div>\n\t\t\t\t\t<\/div>\n\n\t\n<\/div>\n\t\t<\/div>\n\n\t\t\n<style>\n#section_777472015 {\n  padding-top: 30px;\n  padding-bottom: 30px;\n  background-color: rgb(255, 255, 255);\n}\n#section_777472015 .ux-shape-divider--top svg {\n  height: 150px;\n  --divider-top-width: 100%;\n}\n#section_777472015 .ux-shape-divider--bottom svg {\n  height: 150px;\n  --divider-width: 100%;\n}\n@media (min-width:550px) {\n  #section_777472015 {\n    padding-top: 0px;\n    padding-bottom: 0px;\n  }\n}\n<\/style>\n\t<\/section>\n\t\n","protected":false},"excerpt":{"rendered":"","protected":false},"author":1,"featured_media":0,"parent":0,"menu_order":0,"comment_status":"closed","ping_status":"closed","template":"page-blank.php","meta":{"footnotes":""},"class_list":["post-343","page","type-page","status-publish","hentry"],"_links":{"self":[{"href":"https:\/\/www.dentbircanturkey.com\/index.php?rest_route=\/wp\/v2\/pages\/343","targetHints":{"allow":["GET"]}}],"collection":[{"href":"https:\/\/www.dentbircanturkey.com\/index.php?rest_route=\/wp\/v2\/pages"}],"about":[{"href":"https:\/\/www.dentbircanturkey.com\/index.php?rest_route=\/wp\/v2\/types\/page"}],"author":[{"embeddable":true,"href":"https:\/\/www.dentbircanturkey.com\/index.php?rest_route=\/wp\/v2\/users\/1"}],"replies":[{"embeddable":true,"href":"https:\/\/www.dentbircanturkey.com\/index.php?rest_route=%2Fwp%2Fv2%2Fcomments&post=343"}],"version-history":[{"count":26,"href":"https:\/\/www.dentbircanturkey.com\/index.php?rest_route=\/wp\/v2\/pages\/343\/revisions"}],"predecessor-version":[{"id":1454,"href":"https:\/\/www.dentbircanturkey.com\/index.php?rest_route=\/wp\/v2\/pages\/343\/revisions\/1454"}],"wp:attachment":[{"href":"https:\/\/www.dentbircanturkey.com\/index.php?rest_route=%2Fwp%2Fv2%2Fmedia&parent=343"}],"curies":[{"name":"wp","href":"https:\/\/api.w.org\/{rel}","templated":true}]}}